ivided by 7.
5
Calculate the remainder when 7033 is divided by 106.
37
What is the remainder when 365 is divided by 102?
59
What is the remainder when 48317 is divided by 273?
269
Calculate the remainder when 104065 is divided by 93.
91
Calculate the remainder when 112174 is divided by 710.
704
What is the remainder when 19835 is divided by 26?
23
What is the remainder when 70034 is divided by 770?
734
Calculate the remainder when 14297 is divided by 1572.
149
Calculate the remainder when 23415 is divided by 1463.
7
What is the remainder when 17329 is divided by 81?
76
What is the remainder when 6352 is divided by 6322?
30
Calculate the remainder when 6910 is divided by 96.
94
What is the remainder when 29010 is divided by 31?
25
What is the remainder when 300999 is divided by 569?
567
What is the remainder when 8517 is divided by 425?
17
Calculate the remainder when 3053 is divided by 898.
359
Calculate the remainder when 827 is divided by 430.
397
What is the remainder when 20606 is divided by 1585?
1
What is the remainder when 817 is divided by 74?
3
What is the remainder when 3243 is divided by 527?
81
What is the remainder when 1169990 is divided by 459?
458
What is the remainder when 25210 is divided by 66?
64
Calculate the remainder when 40008 is divided by 244.
236
What is the remainder when 237587 is divided by 32?
19
Calculate the remainder when 1027 is divided by 952.
75
What is the remainder when 4062 is divided by 435?
147
What is the remainder when 29022 is divided by 121?
103
Calculate the remainder when 27719 is divided by 13795.
129
Calculate the remainder when 8629 is divided by 3503.
1623
Calculate the remainder when 2484 is divided by 2462.
22
Calculate the remainder when 4618 is divided by 2267.
84
Calculate the remainder when 15206 is divided by 7601.
4
What is the remainder when 11437717 is divided by 35?
32
Calculate the remainder when 2453571 is divided by 817851.
18
Calculate the remainder when 1129 is divided by 379.
371
What is the remainder when 147519 is divided by 8?
7
Calculate the remainder when 31391 is divided by 44.
19
Calculate the remainder when 19243 is divided by 19198.
45
Calculate the remainder when 3312 is divided by 1631.
50
What is the remainder when 2072249 is divided by 91?
88
Calculate the remainder when 40826 is divided by 117.
110
What is the remainder when 111609 is divided by 1283?
1271
What is the remainder when 2239077 is divided by 1191?
1188
What is the remainder when 3626831 is divided by 20?
11
What is the remainder when 64231 is divided by 14?
13
Calculate the remainder when 80482 is divided by 37.
7
What is the remainder when 11241 is divided by 4758?
1725
What is the remainder when 11180 is divided by 1348?
396
Calculate the remainder when 4208 is divided by 136.
128
Calculate the remainder when 163137 is divided by 41.
39
What is the remainder when 12413 is divided by 62?
13
Calculate the remainder when 1754 is divided by 315.
179
Calculate the remainder when 212961 is divided by 56.
49
Calculate the remainder when 755706 is divided by 82.
76
What is the remainder when 7156 is divided by 874?
164
What is the remainder when 268153 is divided by 244?
241
What is the remainder when 26864 is divided by 58?
10
Calculate the remainder when 36003 is divided by 92.
31
Calculate the remainder when 4964 is divided by 88.
36
What is the remainder when 8343 is divided by 2780?
3
Calculate the remainder when 202686 is divided by 913.
0
Calculate the remainder when 3579574 is divided by 286.
284
Calculate the remainder when 8308 is divided by 109.
24
What is the remainder when 4984 is divided by 623?
0
What is the remainder when 2797 is divided by 833?
298
Calculate the remainder when 46387 is divided by 5150.
37
What is the remainder when 125177 is divided by 188?
157
What is the remainder when 43936 is divided by 10966?
72
What is the remainder when 19048 is divided by 1117?
59
What is the remainder when 17781 is divided by 59?
22
What is the remainder when 39126 is divided by 268?
266
What is the remainder when 9916 is divided by 1405?
81
Calculate the remainder when 7393 is divided by 226.
161
What is the remainder when 35468 is divided by 17719?
30
What is the remainder when 131248 is divided by 602?
12
What is the remainder when 25440 is divided by 942?
6
Calculate the remainder when 4235 is divided by 282.
5
What is the remainder when 19224 is divided by 39?
36
Calculate the remainder when 8608 is divided by 191.
13
Calculate the remainder when 1908462 is divided by 738.
732
What is the remainder when 24704 is divided by 154?
64
Calculate the remainder when 7583 is divided by 33.
26
What is the remainder when 19296 is divided by 9623?
50
Calculate the remainder when 286 is divided by 57.
1
What is the remainder when 20184 is divided by 9801?
582
Calculate the remainder when 2115 is divided by 969.
177
Calculate the remainder when 20279 is divided by 14.
7
Calculate the remainder when 47032 is divided by 6718.
6
Calculate the remainder when 7897 is divided by 246.
25
What is the remainder when 4650 is divided by 428?
370
Calculate the remainder when 2518 is divided by 2318.
200
What is the remainder when 25402 is divided by 1410?
22
Calculate the remainder when 4786 is divided by 130.
106
What is the remainder when 602 is divided by 128?
90
What is the remainder when 40782 is divided by 304?
46
What is the remainder when 1044468 is divided by 35?
33
Calculate the remainder when 30091 is divided by 2028.
1699
What is the remainder when 5864 is divided by 2927?
10
What is the remainder when 13491 is divided by 237?
219
Calculate the remainder when 1218 is divided by 1188.
30
Calculate the remainder when 943 is divided by 469.
5
Calculate the remainder when 54845 is divided by 74.
11
Calculate the remainder when 247499 is divided by 4.
3
What is the remainder when 640 is divided by 631?
9
What is the remainder when 3489 is divided by 246?
45
What is the remainder when 81357 is divided by 2086?
3
Calculate the remainder when 3447 is divided by 75.
72
Calculate the remainder when 1223 is divided by 114.
83
Calculate the remainder when 72195 is divided by 189.
186
Calculate the remainder when 351671 is divided by 117220.
11
What is the remainder when 70 is divided by 11?
4
What is the remainder when 8037 is divided by 24?
21
What is the remainder when 79876 is divided by 360?
316
Calculate the remainder when 35799 is divided by 1022.
29
What is the remainder when 10575 is divided by 3516?
27
Calculate the remainder when 2891 is divided by 473.
53
What is the remainder when 82418 is divided by 82?
8
What is the remainder when 30409 is divided by 169?
158
Calculate the remainder when 8286 is divided by 8209.
77
What is the remainder when 737 is divided by 179?
21
What is the remainder when 10055 is divided by 738?
461
Calculate the remainder when 61978 is divided by 20622.
112
What is the remainder when 214 is divided by 171?
43
Calculate the remainder when 828 is divided by 76.
68
Calculate the remainder when 8731 is divided by 353.
259
Calculate the remainder when 11933 is divided by 306.
305
Calculate the remainder when 518708 is divided by 15.
8
Calculate the remainder when 104605 is divided by 379.
1
What is the remainder when 35293 is divided by 13?
11
Calculate the remainder when 1036 is divided by 494.
48
What is the remainder when 3674 is divided by 995?
689
What is the remainder when 47657 is divided by 2163?
71
Calculate the remainder when 14605 is divided by 29.
18
Calculate the remainder when 1761 is divided by 317.
176
What is the remainder when 1761 is divided by 484?
309
What is the remainder when 47632 is divided by 51?
49
Calculate the remainder when 364562 is divided by 52.
42
What is the remainder when 8318 is divided by 40?
38
What is the remainder when 15258 is divided by 20?
18
What is the remainder when 8931 is divided by 3682?
1567
Calculate the remainder when 34223 is divided by 109.
106
Calculate the remainder when 3768 is divided by 84.
72
Calculate the remainder when 7951 is divided by 1984.
15
What is the remainder when 207672 is divided by 69221?
9
Calculate the remainder when 17351 is divided by 732.
515
What is the remainder when 692837 is divided by 40?
37
Wha